- 4*j**2 - 8*j + 26. Calculate the remainder when k(2) is divided by 9.
6
Suppose 0 = -5*r + 147 - 22. Let t = 39 + -39. Let f(l) = 11*l + 72. Calculate the remainder when f(t) is divided by r.
22
Suppose z - 4*m = 926, 0*m + 4530 = 5*z + 5*m. Suppose 5*h + 2*h = z. Calculate the remainder when h is divided by 22.
20
Let k be 5/4*(0 - -4). Let o(q) = 2 + q**3 - 7*q**2 - k + 3 - q + 10. Calculate the remainder when 3 is divided by o(7).
0
Suppose -3*j + 5*c = -72, 2*c + 25 = j - 0*c. Let x(d) = -d + 2. Let g be x(3). Calculate the remainder when j is divided by 30/(-9)*(-2 + g).
9
Suppose 0*k = 2*k + 10. Let u be (2/5)/(k/150). Calculate the remainder when 50 is divided by 3/(-2)*136/u.
16
Let b(z) = 14*z**2 - 68*z - 3. Calculate the remainder when b(7) is divided by 6.
3
Suppose -8*k + 115 = -3*k. Suppose -u + 2*u - 183 = 2*b, -2*u = -10. Let c = 157 + b. Calculate the remainder when c is divided by k.
22
Suppose 0 = 5*h - 2*h + 294. Let t = -143 + 80. Let u = t - h. What is the remainder when u is divided by 13?
9
Let x(w) = 14*w - 9. Let m(p) = -7*p + 5. Let j be -8*(-12)/(-8) + 1. Let n(o) = j*m(o) - 6*x(o). Calculate the remainder when n(-6) is divided by 14.
13
Suppose 2*r = 3*r. Suppose -3*i - 3 = 4*s, r = 3*s + i - 0 + 1. Let p(d) = d**2 + 10. Calculate the remainder when 28 is divided by p(s).
8
What is the remainder when 82 is divided by (-7 - -16 - 2) + 34?
0
Suppose 233 - 4 = k - 3*b, -2*b - 2 = 0. Calculate the remainder when k is divided by 58.
52
Calculate the remainder when (-3)/((-18)/1536) + 7 is divided by 22.
21
Let w(r) = 2*r**2 - 18*r - 51. Let p(d) = -3*d**2 + 17*d + 51. Let l(x) = 3*p(x) + 4*w(x). What is the remainder when l(-18) is divided by (6/5)/(2/5)?
0
Let t be (-1)/(-2) + (-9)/(-6). Let i be -5 + t - (-50)/5. Suppose i*z - 10*z + 51 = 0. Calculate the remainder when 65 is divided by z.
14
Let u = 7 + 9. Let k = -2191 + 2217. Calculate the remainder when k is divided by u.
10
Let s = 5 - -5. Let r = -110 - -75. Calculate the remainder when 40 is divided by ((-14)/s - -1)*r.
12
Let q = 93 + -87. Let s(g) = 6*g - 4. Calculate the remainder when s(q) is divided by 17.
15
Let n(l) = l**2 - 24*l + 42. Let h be n(21). Calculate the remainder when ((-24)/(-9))/((-2)/h) is divided by 6.
4
Suppose 32*y + 37 = 37*y + 2*f, -2*f + 9 = y. Calculate the remainder when 283 is divided by y.
3
Let n = -15 - -30. Suppose n*b - 54 = 16*b. Let z = -14 - b. What is the remainder when z is divided by 14?
12
Let w(i) = 4*i - 6. Suppose 10*j - 5*j = 55. Suppose 0 = -16*q + j*q + 190. Calculate the remainder when q is divided by w(4).
8
What is the remainder when 87 is divided by 20 + (-3)/((-15)/(-10))?
15
Suppose 3*d + 215 = 2*r, r - d = -0*d + 110. What is the remainder when r is divided by 29?
28
Suppose -8*f = -3 + 11. Let n(u) = 34*u**2 + u + 2. Calculate the remainder when n(f) is divided by 21.
14
Suppose -2*c - 3*z + 78 = 0, -5*c + 4*z + 17 = -4*c. What is the remainder when c is divided by 22?
11
Let z be (0 - (-4)/(-10))/(3/(-75)). What is the remainder when 40 is divided by 25/z*(-12)/45*-33?
18
Let m(p) = -6*p - 12. Suppose 4*w = -2*w - 24. What is the remainder when m(w) is divided by 7?
5
Let f = 24 + -46. Let k = f - -32. What is the remainder when k is divided by 3?
1
Let w(g) = -g**2 - 54*g - 124. Calculate the remainder when w(-15) is divided by 33.
32
Let s(n) be the first derivative of -n**3/3 + 11*n**2/2 + 2*n + 4. What is the remainder when -2 - (-60 - (3 - 2)) is divided by s(9)?
19
Let v = -50 - -44. Let w(q) = -8*q - 42. Calculate the remainder when w(v) is divided by ((-1)/(-1) - 1) + 3.
0
Suppose 4*r = 21 + 19. Let z(b) = 6*b - 2*b + 37 - 2*b. Calculate the remainder when z(0) is divided by r.
7
Suppose -6*f - 18 = -180. Calculate the remainder when 43 is divided by f.
16
Suppose -4*w + 11*d = 8*d - 39, 0 = -2*d - 10. Let j be (-8)/(-28) - (-12)/7. Suppose -1 = -j*b + 7. What is the remainder when w is divided by b?
2
Let f(z) = 58*z**2 - z. Let x be f(1). Let i(j) = 7*j - 4. Let t be i(-2). Let g = x + t. What is the remainder when g is divided by 14?
11
Suppose q = 14 - 3. What is the remainder when 52 is divided by q?
8
What is the remainder when 193 is divided by 43 + (91/(-28) - (-6)/(-8))?
37
Let h(j) = -88*j**3 + 3*j**2 + 4*j + 1. Calculate the remainder when 257 is divided by h(-1).
81
Let x = 81 - -153. What is the remainder when x is divided by 60?
54
Let f = 122 - 107. Suppose 3*l = f, -3*v + 10*l - 5*l = -71. Calculate the remainder when v is divided by 13.
6
Let z be (4 + -6 - -4) + 4. Suppose -36 = -z*l + 2*l. Let v = 12 - l. Calculate the remainder when 11 is divided by v.
2
Suppose -4*w + 134 = -250. Let l = -75 + w. What is the remainder when l is divided by 11?
10
Suppose -4*a - 57 = 3*s - 59, -s = -4*a - 22. Calculate the remainder when 111 is divided by s.
3
Let j = 396 - 352. What is the remainder when j is divided by 7?
2
Suppose 4*s - 4*d + 4 = 0, 0 = -3*s + 4*d - 7 + 2. Calculate the remainder when 129 is divided by ((-12)/(-8))/((-1)/(-22)*s).
30
Let q = 12 - 12. Suppose q*b + 3*b = 18. Suppose -b*c = -4*c - 26. What is the remainder when 25 is divided by c?
12
Let k = -39 + 74. What is the remainder when 184 is divided by k?
9
Suppose -22*s = -847 - 121. Calculate the remainder when 655 is divided by s.
39
Let g(l) = -3*l**2 - 38*l - 26. Let z be g(-12). Calculate the remainder when 78 is divided by 1596/72 + z/12.
12
Calculate the remainder when 56 is divided by (-1)/(((-288)/(-10))/6 + -5).
1
Let w(f) be the second derivative of f**3/6 + 13*f**2/2 - 3*f. Let s be w(-9). Suppose x - s*x = -12. Calculate the remainder when 17 is divided by x.
1
Let r(h) = h - 20. Let m(j) = 1. Let u(q) = -18*m(q) - 2*r(q). What is the remainder when u(-12) is divided by 12?
10
Suppose 4*i - 2464 = -112. Suppose s - i = -2*s. Suppose 3*q = 3, -3*o - q = 2*o - s. Calculate the remainder when o is divided by 21.
18
Let g(y) = 7*y**3 + y - 1. Suppose -16*h + 14*h = 3*c - 44, 3*h = -3*c + 63. Calculate the remainder when h is divided by g(1).
5
Let v(n) = -4*n**2 + 66*n - 81. What is the remainder when v(8) is divided by 53?
32
Let n(h) = -4*h - 10. Let w be n(-3). Suppose z = -3*b - 0*b + 232, -5*b + w*z + 394 = 0. Calculate the remainder when b is divided by 20.
18
Let y = -858 - -912. Calculate the remainder when 148 is divided by y.
40
Let z(x) = 19 - 22*x**2 + 22*x - 8*x**2 + 8*x**2 + 11*x**3 - 12*x**3. What is the remainder when z(-23) is divided by 15?
12
Let g(u) = -u**3 - 2*u + 1. Let y be g(0). Calculate the remainder when 45 is divided by y/1*(12 - 2) - 2.
5
Suppose 0*y + 886 = 2*q - y, -5*q - y + 2222 = 0. What is the remainder when q is divided by 15?
9
Let b(w) = -w**3 - 8*w**2 + 10*w + 11. Let d be b(-9). Suppose -d*y - 52 = -204. Let z = 19 - 6. What is the remainder when y is divided by z?
11
Suppose -3*a + 2 = 4*s - 95, -4*s - 5*a = -87. What is the remainder when 137 is divided by s?
25
Suppose -3*u + 9 = 3*z, 5*u - z + 12 = 3*z. Suppose a = -u*a + 13. Suppose -12 = -14*n + a*n. What is the remainder when n is divided by 7?
5
Suppose h = 3*n - 6*n + 54, 0 = 5*h + n - 312. What is the remainder when 125 is divided by h?
62
Let m = -18 - -106. Suppose 5*t - 124 = 3*l, 0 = -t + 3*t + 5*l - 31. Calculate the remainder when m is divided by t.
19
Let j(a) = 24*a - 112. Calculate the remainder when 58 is divided by j(6).
26
Let n(z) be the second derivative of 19*z**3/6 + 7*z**2/2 + 2*z. Calculate the remainder when n(5) is divided by 15.
12
Suppose 0 = 3*x + 3. What is the remainder when (3 + -3)*x - (-109 - -2) is divided by 18?
17
Let y(f) = -f + 8. Let p be y(4). Let a be (-40)/(-3)*6/p. What is the remainder when 25 is divided by (-10)/a*(-14)/1?
4
Let v(q) = 18*q**3 - 22*q**2 - 9*q + 4. What is the remainder when v(3) is divided by 27?
22
Let y = -484 + 768. Let i be 1 + (-7)/((-14)/y). Suppose 7*h - 2*h - 3*s = 227, -i = -3*h - 5*s. What is the remainder when h is divided by 16?
14
Let p(i) = i**3 + 35*i**2 - 6*i + 34. What is the remainder when p(-35) is divided by 18?
10
Let u = 591 + -496. What is the remainder when u is divided by 14?
11
Let w be (0 - (-1 + -2))*-26. Let h = -62 - w. Calculate the remainder when 45 is divided by h.
13
Let d(a) = a**2 + 7*a - 11. Let t be d(-10). 